(q) = 655*q**3 - 8*q**2 + 52*q - 51. Determine h(1).
648
Let m(i) = 2*i**3 + 72*i**2 + 470*i + 30. Calculate m(-28).
-586
Let w(g) = 18081*g + 289262. Calculate w(-16).
-34
Let y(k) = -1027793*k + 10277927. Calculate y(10).
-3
Let p(l) = -3*l**3 - 41*l**2 + 176*l - 86. Determine p(4).
-230
Let a(t) = 381*t + 69721. What is a(-183)?
-2
Let q(s) = 2*s**3 - 24*s**2 - 483*s + 5679. Determine q(16).
-1
Let o(k) = 533*k - 75186. Determine o(141).
-33
Let c(l) = 2*l**3 + 17*l**2 + 18*l + 14. What is c(-8)?
-66
Let i(b) = b**3 - 123*b**2 + 593*b - 219. Determine i(118).
135
Let h(g) = g**2 + 14603*g + 87575. Determine h(-6).
-7
Let o(w) = 2*w**2 - 411*w - 40662. Calculate o(-73).
-1
Let i(o) = 8*o**2 - 178*o + 1170. Calculate i(9).
216
Let j(w) = w**2 + 10818*w - 195053. Calculate j(18).
-5
Let s(c) = -1693*c + 14782. Determine s(10).
-2148
Let k(j) = -9*j**3 - 1316*j**2 + 1030*j + 145. Give k(-147).
-2
Let d(a) = 30*a**3 + 6*a**2 + 16*a + 29. Give d(-4).
-1859
Let u(k) = 4*k**3 + 7*k**2 + 79*k + 5. Determine u(-6).
-1081
Let t(l) = 49*l**3 - 189*l**2 - 53*l + 105. Calculate t(4).
5
Let z(m) = 2*m**3 + 128*m**2 - 403*m - 58579. Determine z(-59).
8
Let o(a) = 3*a**2 - 1255*a + 92136. Give o(95).
-14
Let z(p) = 17*p**2 - 50*p - 338. Calculate z(8).
350
Let c(i) = -10*i**2 + 876*i - 15. Calculate c(87).
507
Let c(u) = -345*u + 21707. Give c(65).
-718
Let m(q) = -1383*q - 5241. Give m(-4).
291
Let v(k) = 13245*k - 107825. Calculate v(8).
-1865
Let q(o) = -176*o + 11769. Calculate q(67).
-23
Let o(h) = -14*h**2 - 393*h + 10667. Calculate o(-45).
2
Let f(z) = -7935*z - 55543. Calculate f(-7).
2
Let h(z) = 10066*z - 231557. Determine h(23).
-39
Let w(l) = 2055*l + 43051. Give w(-21).
-104
Let d(x) = -28279*x + 168566. Give d(6).
-1108
Let h(j) = j**3 - 11*j**2 - 67*j + 1118. Calculate h(20).
3378
Let o(d) = d**3 - 116*d**2 + 3152*d + 5381. Calculate o(48).
5
Let p(q) = -q**3 + 218*q**2 - 5301*q - 5215. What is p(29)?
5
Let p(o) = -4*o**3 - o**2 + 528*o + 2586. Calculate p(-5).
421
Let j(g) = -g**3 + 428*g**2 - 15850*g - 6894. Give j(387).
-315
Let p(s) = 35*s**2 - 150*s - 5. Calculate p(4).
-45
Let d(c) = 3*c**3 - 39*c**2 - 25*c. Determine d(4).
-532
Let s(p) = 3*p**3 + 455*p**2 - 611*p + 131. What is s(-153)?
-22
Let m(c) = 398*c - 34622. What is m(89)?
800
Let z(b) = -6*b**3 + 615*b**2 + 255*b + 5570. Give z(103).
8
Let f(c) = -8429*c - 25415. Calculate f(-3).
-128
Let j(q) = q**2 - 4627*q + 1994208. Determine j(481).
-18
Let w(q) = 1005*q + 20064. Give w(-21).
-1041
Let o(t) = -t**3 + 39*t**2 + 170*t - 6882. Determine o(39).
-252
Let q(g) = g**2 - 1448*g - 67282. Calculate q(-45).
-97
Let v(z) = z**2 - 1064*z + 110803. Give v(117).
4
Let g(i) = -2*i**3 + 164*i**2 + 799*i - 77838. What is g(81)?
3
Let p(g) = -118*g**2 - 9084*g + 36323. Determine p(4).
-1901
Let h(n) = -537*n + 45907. Determine h(85).
262
Let k(n) = n**3 - 71*n**2 - 115*n + 964. Give k(73).
3227
Let x(s) = -6*s**2 - 14*s + 4. Give x(-7).
-192
Let x(h) = -h**3 + 445*h**2 - 30868*h - 2017. Give x(359).
137
Let l(d) = -14*d**2 + 3389*d - 537. Determine l(242).
-295
Let l(u) = -41*u + 3089. Give l(75).
14
Let w(c) = -440*c - 61436. Calculate w(-140).
164
Let p(f) = 22*f**2 + 20229*f - 81259. Calculate p(4).
9
Let k(z) = -25*z**2 + 5*z + 228. What is k(-9)?
-1842
Let p(w) = -3*w**3 + 71*w**2 + 4013*w - 95746. Determine p(24).
-10
Let g(c) = -3*c**2 + 2533*c + 520888. Give g(-171).
22
Let c(k) = 196*k**2 + 48439*k + 6817. What is c(-247)?
148
Let a(k) = -372*k - 2196. Calculate a(-10).
1524
Let j(c) = -9*c**3 + 13*c**2 + 67*c - 151. Give j(2).
-37
Let r(s) = -s**3 - 609*s**2 + 783*s + 105533. Determine r(-610).
3
Let g(s) = s**2 - 1232*s + 201462. What is g(194)?
90
Let y(w) = -727*w - 761. Determine y(-2).
693
Let o(c) = -24*c**2 - 1468*c - 210. Give o(-61).
34
Let i(c) = c**3 + 52*c**2 - 951*c + 3761. Determine i(7).
-5
Let u(t) = -709*t + 99361. Give u(141).
-608
Let b(n) = n**2 - 506*n - 21738. What is b(-40)?
102
Let r(k) = k**3 + 122*k**2 - 3250*k + 1808. Determine r(22).
4
Let r(n) = -n**3 + 59*n**2 + 1795*n + 14. Calculate r(-23).
2107
Let u(r) = -1060*r + 1134. Give u(1).
74
Let t(d) = 570*d**2 - 10840*d + 247. What is t(19)?
57
Let u(q) = -q**2 + 411*q - 13708. Give u(36).
-208
Let v(g) = -11656*g + 302665. Calculate v(26).
-391
Let k(m) = 2*m**3 + 27*m**2 - 144*m - 59. What is k(-18)?
-383
Let b(d) = 113*d**2 + 276*d + 10. Determine b(-3).
199
Let n(s) = 354*s**2 - 1067*s + 21. Determine n(3).
6
Let s(j) = 37096*j + 222589. What is s(-6)?
13
Let n(r) = r**2 + 2770*r + 101425. Give n(-37).
304
Let k(u) = -u**3 - 786*u**2 - 75483*u + 3391. Determine k(-674).
21
Let r(c) = -20829*c - 1041449. Calculate r(-50).
1
Let d(x) = -2*x**3 - 24*x**2 + 1240*x - 5490. Calculate d(16).
14
Let g(m) = -4*m**2 + 450*m + 7515. What is g(-16)?
-709
Let l(d) = 2*d**2 - 27*d - 651. Determine l(32).
533
Let s(m) = -778*m**2 - 3098*m + 21. Give s(-4).
-35
Let d(c) = -3*c**2 + 1531*c + 17213. Give d(-11).
9
Let v(k) = 8*k**3 + 6*k**2 - 410*k + 791. Give v(2).
59
Let y(l) = 34*l**3 - l**2 - 151*l - 149. Calculate y(-1).
-33
Let z(u) = -33*u**2 - 9143*u + 74662. Give z(-285).
-8
Let k(r) = -2759*r - 5447. What is k(-2)?
71
Let f(d) = -2*d**3 + 11*d**2 + 84*d - 349. Determine f(8).
3
Let q(i) = -22*i**2 + 51*i + 1170. Give q(-9).
-1071
Let s(q) = q**3 - 11*q**2 - 534*q + 7934. What is s(13)?
1330
Let w(h) = -2364*h - 484622. Determine w(-205).
-2
Let l(r) = -15*r**2 + 894*r + 7498. Give l(67).
61
Let a(d) = -2*d**3 + 28*d**2 - 84*d - 89. Determine a(8).
7
Let f(w) = 3914*w + 1381672. Determine f(-353).
30
Let i(x) = -x**3 + 13*x**2 - 1241*x - 80761. Calculate i(-31).
-6
Let x(y) = 1841*y - 29471. Determine x(16).
-15
Let a(h) = -293*h - 15961. Give a(-51).
-1018
Let g(c) = c**3 + 610*c**2 + 287*c - 196093. Give g(-609).
5
Let x(g) = 34907*g + 211184. Calculate x(-6).
1742
Let o(i) = -i**2 + 2552*i + 20351. Calculate o(-8).
-129
Let p(t) = t**2 - 251*t + 11772. What is p(60)?
312
Let y(m) = m**2 - 26335*m - 6968405. What is y(-262)?
9
Let d(j) = 890*j + 3625. Determine d(-4).
65
Let g(y) = -2*y**3 - y**2 - 102*y - 513. What is g(0)?
-513
Let t(v) = 4*v**3 + 1458*v**2 + 1420*v - 38. Calculate t(-1).
-4
Let t(d) = -2*d**2 - 9*d. What is t(-3)?
9
Let b(f) = -7*f**3 - 28*f**2 - 45*f + 10. Determine b(-2).
44
Let y(b) = -4*b**3 - 412*b**2 + 374*b + 1. What is y(1)?
-41
Let c(w) = -w**2 - 2263*w - 140737. Calculate c(-64).
-1
Let l(f) = -631*f + 5177. Give l(6).
1391
Let c(a) = 150*a + 13933. Determine c(-94).
-167
Let b(v) = 2*v**3 + 2*v**2 + 31*v. Give b(7).
1001
Let j(s) = -2*s**3 + 59*s**2 + 41*s - 990. Determine j(29).
1040
Let m(i) = 23*i**2 + 349*i + 88. Give m(-12).
-788
Let g(n) = -82*n**3 - 6158*n**2 - 604*n - 303. Give g(-75).
-3
Let v(b) = -8*b**2 - 1407*b + 4252. Give v(3).
-41
Let a(d) = 1287*d - 245817. Determine a(191).
0
Let r(b) = -5*b**2 - 343*b + 10514. What is r(23)?
-20
Let j(r) = -6*r**3 + 15*r**2 - 98*r + 88. What is j(6)?
-1256
Let p(i) = -i**3 + 15*i**2 - 43*i - 64. Give p(5).
-29
Let n(c) = -14*c**3 + 83*c**2 - 186*c + 1055. What is n(6)?
-97
Let x(d) = 18077*d**2 + d + 82. Give x(0).
82
Let w(z) = 592118*z - 1184204. Determine w(2).
32
Let c(o) = 2*o**2 - 7987*o - 56014. Give c(-7).
-7
Let z(v) = 10*v**3 + 7*v**2 + 66*v - 21. Give z(-5).
-1426
Let o(s) = 763*s + 9778. Determine o(-17).
-3193
Let a(c) = c**3 - 5*c**2 - 79*c - 77. Give a(-8).
-277
Let o(s) = -2*s**3 + 122*s**2 - 1013*s - 333. Calculate o(51).
24
Let n(h) = -33954*h - 407452. Give n(-12).
-4
Let x(p) = p**2 - 2684*p + 954661. Determine x(422).
97
Let y(v) = 9*v**3 - 152*v**2 + 415*v - 718. Determine y(14).
-4
Let c(p) = -2*p**2 + 1523*p + 39316. What is c(-25)?
-9
Let a(o) = 59541*o - 1548366. What is a(26)?
-300
Let x(t) = 11094*t + 1519887. Calculate x(-137).
9
Let t(u) = -u**3 - 78*u**2 - 162*u + 337. What is t(-76)?
1097
Let j(x) = 22056*x + 286728. What is j(-13)?
0
Let c(o) = -3*o**3 + 117*o**2 + 664*o - 170. Give c(44).
6
Let i(v) = -v**2 + 113*v + 1452. What is i(-11)?
88
Let o(y) = -154*y**2 - 331*y + 4. What is o(-3)?
-389
Let h(v) = -2520*v - 370466. Determine h(-147).
-26
Let u(g) = -73*g**2 + 553*g + 253. What is u(8)?
5
Let v(f) = -f**3 - 41*f**2 - 108*f - 4649. Calculate v(-41).
-221
Let j(y) = 2089*y + 2874.